{"id":1734,"date":"2023-10-26T17:18:02","date_gmt":"2023-10-26T16:18:02","guid":{"rendered":"https:\/\/dangelomusic.com\/biography\/"},"modified":"2023-11-10T12:20:30","modified_gmt":"2023-11-10T12:20:30","slug":"biografia","status":"publish","type":"page","link":"https:\/\/dangelomusic.com\/it\/biografia\/","title":{"rendered":"Biografia"},"content":{"rendered":"<p>[et_pb_section fb_built=&#8221;1&#8243; inner_shadow=&#8221;on&#8221; _builder_version=&#8221;4.22.1&#8243; _module_preset=&#8221;default&#8221; background_image=&#8221;http:\/\/dangelomusic.com\/wp-content\/uploads\/2023\/10\/DANGELO_bio.jpg&#8221; background_position=&#8221;bottom_center&#8221; background_vertical_offset=&#8221;16%&#8221; global_colors_info=&#8221;{}&#8221;][et_pb_row column_structure=&#8221;1_2,1_2&#8243; _builder_version=&#8221;4.22.1&#8243; _module_preset=&#8221;default&#8221; global_colors_info=&#8221;{}&#8221;][et_pb_column type=&#8221;1_2&#8243; _builder_version=&#8221;4.22.1&#8243; _module_preset=&#8221;default&#8221; global_colors_info=&#8221;{}&#8221;][et_pb_text _builder_version=&#8221;4.22.1&#8243; _module_preset=&#8221;default&#8221; global_colors_info=&#8221;{}&#8221;]<\/p>\n<h1>BIOGRAFIA<\/h1>\n<p>[\/et_pb_text][\/et_pb_column][et_pb_column type=&#8221;1_2&#8243; _builder_version=&#8221;4.22.1&#8243; _module_preset=&#8221;default&#8221; global_colors_info=&#8221;{}&#8221;][\/et_pb_column][\/et_pb_row][\/et_pb_section][et_pb_section fb_built=&#8221;1&#8243; _builder_version=&#8221;4.22.1&#8243; _module_preset=&#8221;default&#8221; global_colors_info=&#8221;{}&#8221;][et_pb_row column_structure=&#8221;1_4,3_4&#8243; _builder_version=&#8221;4.22.1&#8243; _module_preset=&#8221;default&#8221; global_colors_info=&#8221;{}&#8221;][et_pb_column type=&#8221;1_4&#8243; _builder_version=&#8221;4.22.1&#8243; _module_preset=&#8221;default&#8221; global_colors_info=&#8221;{}&#8221;][et_pb_image src=&#8221;http:\/\/dangelomusic.com\/wp-content\/uploads\/2023\/11\/FRANCESCO_DANGELO_photo1-1.jpg&#8221; title_text=&#8221;FRANCESCO_DANGELO_photo1&#8243; align=&#8221;center&#8221; _builder_version=&#8221;4.22.1&#8243; _module_preset=&#8221;default&#8221; width=&#8221;100%&#8221; max_width=&#8221;100%&#8221; global_colors_info=&#8221;{}&#8221;][\/et_pb_image][\/et_pb_column][et_pb_column type=&#8221;3_4&#8243; _builder_version=&#8221;4.22.1&#8243; _module_preset=&#8221;default&#8221; global_colors_info=&#8221;{}&#8221;][et_pb_text _builder_version=&#8221;4.22.1&#8243; _module_preset=&#8221;default&#8221; text_font=&#8221;Abel||||||||&#8221; text_text_color=&#8221;#000000&#8243; text_font_size=&#8221;24px&#8221; global_colors_info=&#8221;{}&#8221;]<\/p>\n<h1><span style=\"font-family: Abel; font-weight: normal; color: #000000;\">FRANCESCO D&#8217;ANGELO<\/span><\/h1>\n<p>[\/et_pb_text][et_pb_text _builder_version=&#8221;4.22.1&#8243; _module_preset=&#8221;default&#8221; text_text_color=&#8221;#000000&#8243; text_font_size=&#8221;18px&#8221; text_line_height=&#8221;1.4em&#8221; global_colors_info=&#8221;{}&#8221;]<\/p>\n<p style=\"text-align: justify;\">Francesco D&#8217;Angelo \u00e8 nato a Pisa il 30 marzo 1991.<\/p>\n<p style=\"text-align: justify;\">Chitarrista classico ed elettrico, compositore e docente, si \u00e8 formato fra la libert\u00e0 dell&#8217;improvvisazione, la musica moderna e il rigore della musica classica.<\/p>\n<p style=\"text-align: justify;\">Ha iniziato il suo percorso musicale appena decenne grazie ad uno zio materno, giocando ed improvvisando, per poi diplomarsi presso il Liceo Multimediale Musicale &#8220;P. Passaglia&#8221; di Lucca.<\/p>\n<p style=\"text-align: justify;\">Successivamente ha studiato al Conservatorio &#8220;P. Mascagni&#8221; di Livorno dove ha conseguito col massimo dei voti e la lode le lauree di primo e secondo livello in Chitarra classica, guidato dal Maestro Nuccio D&#8217;Angelo.<\/p>\n<p style=\"text-align: justify;\">Ha dunque proseguito la sua formazione dedicandosi al jazz e con una borsa di studio ha scelto di trasferirsi in Finlandia, dove ha studiato all&#8217;Universit\u00e0 di Scienze Applicate di Oulu (Oulun Ammattikorkeakoulu) e ha, tra l&#8217;altro, messo su famiglia.<\/p>\n<p style=\"text-align: justify;\">Dopo essersi esibito in Italia e all&#8217;estero con le formazioni pi\u00f9 disparate, in ambito cameristico, orchestrale ed elettrico, si \u00e8 nuovamente concentrato sul solismo con &#8220;Satumaani&#8221;, il suo primo progetto discografico.<\/p>\n<p>[\/et_pb_text][\/et_pb_column][\/et_pb_row][\/et_pb_section]<\/p>\n","protected":false},"excerpt":{"rendered":"<p>BIOGRAFIAFRANCESCO D&#8217;ANGELOFrancesco D&#8217;Angelo \u00e8 nato a Pisa il 30 marzo 1991. Chitarrista classico ed elettrico, compositore e docente, si \u00e8 formato fra la libert\u00e0 dell&#8217;improvvisazione, la musica moderna e il rigore della musica classica. Ha iniziato il suo percorso musicale appena decenne grazie ad uno zio materno, giocando ed improvvisando, per poi diplomarsi presso il [&hellip;]<\/p>\n","protected":false},"author":1,"featured_media":1549,"parent":0,"menu_order":0,"comment_status":"closed","ping_status":"closed","template":"","meta":{"_et_pb_use_builder":"on","_et_pb_old_content":"","_et_gb_content_width":"","_monsterinsights_skip_tracking":false,"_monsterinsights_sitenote_active":false,"_monsterinsights_sitenote_note":"","_monsterinsights_sitenote_category":0,"footnotes":""},"aioseo_notices":[],"_links":{"self":[{"href":"https:\/\/dangelomusic.com\/it\/wp-json\/wp\/v2\/pages\/1734"}],"collection":[{"href":"https:\/\/dangelomusic.com\/it\/wp-json\/wp\/v2\/pages"}],"about":[{"href":"https:\/\/dangelomusic.com\/it\/wp-json\/wp\/v2\/types\/page"}],"author":[{"embeddable":true,"href":"https:\/\/dangelomusic.com\/it\/wp-json\/wp\/v2\/users\/1"}],"replies":[{"embeddable":true,"href":"https:\/\/dangelomusic.com\/it\/wp-json\/wp\/v2\/comments?post=1734"}],"version-history":[{"count":8,"href":"https:\/\/dangelomusic.com\/it\/wp-json\/wp\/v2\/pages\/1734\/revisions"}],"predecessor-version":[{"id":1834,"href":"https:\/\/dangelomusic.com\/it\/wp-json\/wp\/v2\/pages\/1734\/revisions\/1834"}],"wp:featuredmedia":[{"embeddable":true,"href":"https:\/\/dangelomusic.com\/it\/wp-json\/wp\/v2\/media\/1549"}],"wp:attachment":[{"href":"https:\/\/dangelomusic.com\/it\/wp-json\/wp\/v2\/media?parent=1734"}],"curies":[{"name":"wp","href":"https:\/\/api.w.org\/{rel}","templated":true}]}}

<p>[et_pb_section fb_built=&#8221;1&#8243; inner_shadow=&#8221;on&#8221; _builder_version=&#8221;4.22.1&#8243; _module_preset=&#8221;default&#8221; background_image=&#8221;http://dangelomusic.com/wp-content/uploads/2023/10/DANGELO_bio.jpg&#8221; background_position=&#8221;bottom_center&#8221; background_vertical_offset=&#8221;16%&#8221; global_colors_info=&#8221;{}&#8221;][et_pb_row column_structure=&#8221;1_2,1_2&#8243; _builder_version=&#8221;4.22.1&#8243; _module_preset=&#8221;default&#8221; global_colors_info=&#8221;{}&#8221;][et_pb_column type=&#8221;1_2&#8243; _builder_version=&#8221;4.22.1&#8243; _module_preset=&#8221;default&#8221; global_colors_info=&#8221;{}&#8221;][et_pb_text _builder_version=&#8221;4.22.1&#8243; _module_preset=&#8221;default&#8221; global_colors_info=&#8221;{}&#8221;]</p>
<h1>BIOGRAFIA</h1>
<p>[/et_pb_text][/et_pb_column][et_pb_column type=&#8221;1_2&#8243; _builder_version=&#8221;4.22.1&#8243; _module_preset=&#8221;default&#8221; global_colors_info=&#8221;{}&#8221;][/et_pb_column][/et_pb_row][/et_pb_section][et_pb_section fb_built=&#8221;1&#8243; _builder_version=&#8221;4.22.1&#8243; _module_preset=&#8221;default&#8221; global_colors_info=&#8221;{}&#8221;][et_pb_row column_structure=&#8221;1_4,3_4&#8243; _builder_version=&#8221;4.22.1&#8243; _module_preset=&#8221;default&#8221; global_colors_info=&#8221;{}&#8221;][et_pb_column type=&#8221;1_4&#8243; _builder_version=&#8221;4.22.1&#8243; _module_preset=&#8221;default&#8221; global_colors_info=&#8221;{}&#8221;][et_pb_image src=&#8221;http://dangelomusic.com/wp-content/uploads/2023/11/FRANCESCO_DANGELO_photo1-1.jpg&#8221; title_text=&#8221;FRANCESCO_DANGELO_photo1&#8243; align=&#8221;center&#8221; _builder_version=&#8221;4.22.1&#8243; _module_preset=&#8221;default&#8221; width=&#8221;100%&#8221; max_width=&#8221;100%&#8221; global_colors_info=&#8221;{}&#8221;][/et_pb_image][/et_pb_column][et_pb_column type=&#8221;3_4&#8243; _builder_version=&#8221;4.22.1&#8243; _module_preset=&#8221;default&#8221; global_colors_info=&#8221;{}&#8221;][et_pb_text _builder_version=&#8221;4.22.1&#8243; _module_preset=&#8221;default&#8221; text_font=&#8221;Abel||||||||&#8221; text_text_color=&#8221;#000000&#8243; text_font_size=&#8221;24px&#8221; global_colors_info=&#8221;{}&#8221;]</p>
<h1><span style="font-family: Abel; font-weight: normal; color: #000000;">FRANCESCO D&#8217;ANGELO</span></h1>
<p>[/et_pb_text][et_pb_text _builder_version=&#8221;4.22.1&#8243; _module_preset=&#8221;default&#8221; text_text_color=&#8221;#000000&#8243; text_font_size=&#8221;18px&#8221; text_line_height=&#8221;1.4em&#8221; global_colors_info=&#8221;{}&#8221;]</p>
<p style="text-align: justify;">Francesco D&#8217;Angelo è nato a Pisa il 30 marzo 1991.</p>
<p style="text-align: justify;">Chitarrista classico ed elettrico, compositore e docente, si è formato fra la libertà dell&#8217;improvvisazione, la musica moderna e il rigore della musica classica.</p>
<p style="text-align: justify;">Ha iniziato il suo percorso musicale appena decenne grazie ad uno zio materno, giocando ed improvvisando, per poi diplomarsi presso il Liceo Multimediale Musicale &#8220;P. Passaglia&#8221; di Lucca.</p>
<p style="text-align: justify;">Successivamente ha studiato al Conservatorio &#8220;P. Mascagni&#8221; di Livorno dove ha conseguito col massimo dei voti e la lode le lauree di primo e secondo livello in Chitarra classica, guidato dal Maestro Nuccio D&#8217;Angelo.</p>
<p style="text-align: justify;">Ha dunque proseguito la sua formazione dedicandosi al jazz e con una borsa di studio ha scelto di trasferirsi in Finlandia, dove ha studiato all&#8217;Università di Scienze Applicate di Oulu (Oulun Ammattikorkeakoulu) e ha, tra l&#8217;altro, messo su famiglia.</p>
<p style="text-align: justify;">Dopo essersi esibito in Italia e all&#8217;estero con le formazioni più disparate, in ambito cameristico, orchestrale ed elettrico, si è nuovamente concentrato sul solismo con &#8220;Satumaani&#8221;, il suo primo progetto discografico.</p>
<p>[/et_pb_text][/et_pb_column][/et_pb_row][/et_pb_section]</p>

<p>BIOGRAFIAFRANCESCO D&#8217;ANGELOFrancesco D&#8217;Angelo è nato a Pisa il 30 marzo 1991. Chitarrista classico ed elettrico, compositore e docente, si è formato fra la libertà dell&#8217;improvvisazione, la musica moderna e il rigore della musica classica. Ha iniziato il suo percorso musicale appena decenne grazie ad uno zio materno, giocando ed improvvisando, per poi diplomarsi presso il [&hellip;]</p>
